 s?
8
Let m = 251 + -90. What is the tens digit of m?
6
Let d(a) = -a**2 + 9*a + 6. Let y be d(10). What is the tens digit of (34/y)/1*-2?
1
Let h be ((-60)/16)/(3/(-20)). Suppose -h = -3*m - 2*m. What is the units digit of m?
5
Suppose -7*l = -4*l - 3. What is the units digit of l?
1
Let y be (-1 + 1)/(-2 - -4). Let d be 50/(y + 2) + 2. Suppose 0 = 2*r + 5 - d. What is the tens digit of r?
1
Suppose 0 = -2*v + 5*v - 15. Suppose -4*z - 4 = 4*x, -3*z + 27 = -x - 2*x. Let i = v - z. What is the units digit of i?
1
Suppose 3*k = -3*d + 156, k + 5*d - 40 = -0. What is the units digit of k?
5
Suppose 8 = o + o. Let z(y) = y**2 - 2. What is the units digit of z(o)?
4
Let t(j) = 28*j + 3. Let g be t(1). Suppose -g - 11 = -2*v. What is the tens digit of v?
2
Let x(n) = -4*n**2 + 50 + 4*n - n**3 - 51 - 5*n. What is the units digit of x(-4)?
3
Let b = 42 + -29. What is the units digit of b?
3
Let f be (-36)/(-20) - 2/(-10). Suppose 5*q = f*c + 3*c + 5, 0 = -5*q + c + 21. What is the units digit of q?
5
Let b(x) = -x**3 + 2*x**2 - 2*x - 3. Let j(u) = -u**3 - 2*u**2 + 5*u + 4. Let i be j(-3). What is the units digit of b(i)?
7
Let t be 6/(-30) + 1/5. Suppose -y - 2*y - 21 = t. What is the units digit of 0 - y - (0 + -1)?
8
Let o = 139 - 93. What is the tens digit of o?
4
Suppose 2 = -m + 6. Suppose 2*c = m*c - 18. What is the units digit of c?
9
Let z(n) = -2*n - 7. Let x be z(-7). Let h = 38 - x. Let p = -20 + h. What is the units digit of p?
1
Let i = -63 - -89. What is the units digit of i?
6
What is the units digit of 210/25 + (-3)/((-15)/(-2))?
8
Suppose -3*t + 2*s = -0*s - 41, 0 = -3*t - 5*s + 76. Suppose -2*w + t = 1. Suppose -44 = -4*v - w. What is the units digit of v?
9
Let f = -17 - -9. What is the units digit of ((-25)/(-2))/((-4)/f)?
5
Let s(a) = -a**2 + 13*a - 11. What is the units digit of s(8)?
9
Let b = -15 - -27. Let z be 681/b - (-2)/8. Suppose -5*j + 0*j = -4*a + 65, z = 4*a + 3*j. What is the tens digit of a?
1
Let x(z) = -z + 1. Let a(i) = i**2 - 13*i + 2. Let k(n) = -a(n) + 2*x(n). Let o be k(10). What is the tens digit of ((-42)/5)/((-4)/o)?
2
Suppose 0 = 5*i + v - 64, i - 4*i - v = -38. What is the units digit of (-3 - i/(-2))*10?
5
Let d(l) = l**3 - l**2 - l + 6. Let n be d(0). Suppose -n = -v - 2*v. What is the units digit of ((-7)/2 + v)*-4?
6
Let t = -57 - -85. Let v = t + -13. What is the tens digit of v?
1
Suppose 4*v = -4*z + 20, -v + 5*z = v - 10. Suppose 0 = v*m - 8 - 7. Suppose 0 = -y - m*y + 8. What is the units digit of y?
2
Let y = -162 + 261. What is the units digit of y?
9
Let v = -2 - -4. Let m = v + 24. What is the tens digit of m?
2
What is the units digit of (-2)/7 + (-13470)/(-105)?
8
Let f be 2/4 + (-248)/(-16). Let y = f - 1. Let h = y - 5. What is the tens digit of h?
1
Suppose -3*v = 9, -4*i = -3*i - 3*v - 36. What is the tens digit of i?
2
Let p(n) = n**3 - 14*n**2 + 5*n + 3. What is the tens digit of p(14)?
7
Let d = 34 + 81. What is the hundreds digit of d?
1
Let x be 3/(-9) - 4/6. Let v be (6 + x)*(-32)/10. What is the units digit of ((-26)/8)/(4/v)?
3
Let r = -5 + 16. What is the tens digit of r?
1
What is the tens digit of (-1 + 102)*(-11 - -12) - 3?
9
Let y be (3/(-6))/((-2)/392). Suppose -2*a + y = 5*q - a, 3*q = -2*a + 63. What is the tens digit of q?
1
Suppose -23 = 3*w - u - 66, -69 = -5*w - u. What is the tens digit of w?
1
Suppose -4*m + 9*m + s = 346, 0 = 3*m - 5*s - 202. What is the tens digit of m?
6
Let x = 13 - 7. What is the units digit of x?
6
Suppose -107 + 8 = -3*k. What is the tens digit of k?
3
Suppose 13*t - 920 = 8*t. What is the tens digit of t?
8
Let n(c) = -5*c. Let a be n(-1). Let w = -14 - -26. Suppose -w = 3*f - a*f. What is the units digit of f?
6
Let g(i) = i**2 - 10*i + 4. Let j(b) = b - 5. Let h be j(8). Suppose -h*c + 4 = -26. What is the units digit of g(c)?
4
Let b = 8 - 6. What is the tens digit of 2/4 + 53/b?
2
Suppose 4*a + 5*x + 33 = 0, -4*a + 5*x = -6*a - 29. Let j = 2 + a. Suppose -3*l - l + 28 = j. What is the units digit of l?
7
Let a(z) = 2*z**2 - 10*z + 13. Let n = 0 + 7. What is the units digit of a(n)?
1
Let n = 16 - 16. What is the tens digit of n + 1 - -10 - -3?
1
Suppose n + b + 3*b - 22 = 0, -4*n + 88 = 5*b. Suppose -n*u - 32 = -23*u. What is the tens digit of u?
3
Let i(t) = t**2 + 6*t + 3. Let o be i(-6). Let k(l) = -l**3 + 5*l**2 - 5*l + 3. What is the units digit of k(o)?
6
Let r = 48 + 11. What is the units digit of r?
9
Suppose n - 4*n = -4*w + 936, 0 = -4*n. What is the units digit of w?
4
Suppose -2*u = -3*p + 165, -p + 62 = -0*p - 3*u. What is the units digit of p?
3
Let o(i) = -i**2 + 5*i + 2. Let g be o(4). What is the tens digit of (-4 - -1)*(-104)/g?
5
Suppose -3*a = -8*a + 2*z + 43, 4*a - z - 32 = 0. Let q = a - 4. What is the units digit of (-4)/(-10)*(18 - q)?
6
Let t = 16 - -11. What is the tens digit of t?
2
Suppose z = -3, 4*s - 2*z = 1 + 5. Suppose 4*j = -s*j + 92. What is the units digit of j?
3
What is the tens digit of (-1 - -36) + (6 - 9)?
3
Let d(y) = 6*y - 2. Let f be d(3). Suppose f = 3*s - s. What is the units digit of s?
8
Let n = 109 + -54. What is the units digit of 2/(-9) - n/(-45)?
1
Suppose 0 = 5*f - 0*m + 2*m - 65, -3*f + 4*m = -65. What is the tens digit of f?
1
Suppose -2*u - 12 = -6*u. Suppose x - u*o - 18 = -2*x, 2*x - 14 = 4*o. Let d(z) = z**2 - 4*z + 4. What is the units digit of d(x)?
9
Let h = 70 - 50. Suppose 6*y - h = 2*y. What is the units digit of y/2 + 4/(-8)?
2
Suppose -m = -0*m - 38. What is the units digit of m?
8
Let y = 347 - 63. What is the units digit of y?
4
Let q = -13 + 74. What is the tens digit of q?
6
Suppose 5*t = -u + 235, 3*t + 22 = 5*u + 135. Let b = t + -13. What is the tens digit of b?
3
Suppose 2*b + 4*w = 62, -43 = -3*b - 4*w + 40. What is the units digit of (-8)/(-28) - (-1128)/b?
4
Let f be (0 - -2)*(-5 + 1). Let c be f/10 + 3/(-15). Let l = c - -2. What is the units digit of l?
1
Let f(j) = 2*j - 3. Suppose -4*k = -0*k + 32. Let z(t) = -t**3 - 9*t**2 - 10*t - 12. Let s be z(k). What is the units digit of f(s)?
5
Let f = 2 + 0. Suppose -t = f*t - 18. What is the units digit of t?
6
What is the units digit of 3 - (-30)/(-8) - 1176/(-32)?
6
Let v(n) = -n**2 + 8*n - 7. Let z be v(6). Suppose -4*j = -z*g - 31, -5*g - 12 - 7 = -j. What is the units digit of j?
4
Let u = -1 + 3. Let b = -6 + 15. Suppose -4*v - 8 = -u*n - 30, 0 = 3*v - 3*n - b. What is the units digit of v?
8
Let y(b) = -b**2 - 5*b + 3. Let o be y(-6). Let f(p) = 2*p**2 + 3*p + 3. Let z be f(o). Suppose v = -5*x - 4, -v + z = -8*x + 5*x. What is the units digit of v?
6
Let x be (2/5)/(4/20). Suppose -x*p = -p. What is the tens digit of 3*(p + 2 + 3)?
1
What is the units digit of -7*(3 - (-4 + 8))?
7
Suppose u - 9 - 3 = 0. Suppose -2*i = 2 - u. Suppose -i*z = -3*z - 26. What is the tens digit of z?
1
Let t = 82 + -33. What is the units digit of t?
9
Let w be 32/12*18/(-4). Let c = 24 + w. What is the tens digit of c?
1
Suppose -2*y + 0*x + 4*x + 40 = 0, 4*x = -3*y + 80. What is the tens digit of y?
2
Let d = 14 - 7. Suppose w - 2*a = 6 + d, -7 = w + 3*a. What is the units digit of w?
5
Let j be 0 - (2 - 15 - -1). Suppose 0 = -f + j + 3. What is the units digit of f?
5
Let s(g) = -g**3 - 18*g**2 - 3*g - 15. What is the tens digit of s(-18)?
3
Let z be 8/44 - 18/(-22). Suppose -b - z = -3. What is the units digit of b?
2
Let b(s) = -s**2 - 8*s - 3. Suppose -11 = 3*u + 4. What is the units digit of b(u)?
2
Let k(i) = 6*i + 4*i - i + 2. Suppose 0 = 5*h + 5*z - 35, 3*z - 11 + 4 = 4*h. What is the tens digit of k(h)?
2
Suppose 4*s - 189 + 41 = 0. What is the tens digit of s?
3
Suppose -7*o + 15 = -2*o. Let c be -1 - 5*3/o. What is the tens digit of 28/c*(-54)/21?
1
Let v = 87 - 41. What is the tens digit of v?
4
Let s be ((-3)/(-6))/((-1)/4). What is the units digit of 0 + (s + 4 - -4)?
6
Let f = 7 + -5. Suppose 4*q + 7 = k, k + 0*q + q = f. What is the units digit of k?
3
Let g(a) = a**3 + 7*a**2 - 2*a - 9. Let k be g(-7). Let y(i) = i - 10. Let c be y(4). What is the units digit of (k/3)/((-2)/c)?
5
Suppose 0 = -d + 261 + 184. What is the hundreds digit of d?
4
Let j be (3/3 + 2)*-1. What is the units digit of (-11)/(-3) + (-1)/j?
4
Let w = 17 - 0. What is the tens digit of w?
1
Let i be (6/(9/(-3)))/(-2). Let h be (1 - -2 